{"id":4079,"date":"2024-02-01T16:01:25","date_gmt":"2024-02-01T16:01:25","guid":{"rendered":"https:\/\/novaiptv.org\/?page_id=4079"},"modified":"2024-02-01T16:01:25","modified_gmt":"2024-02-01T16:01:25","slug":"terminos","status":"publish","type":"page","link":"https:\/\/novaiptv.to\/esp\/terminos\/","title":{"rendered":"Terms NOVA IPTV"},"content":{"rendered":"<div data-elementor-type=\"wp-page\" data-elementor-id=\"4079\" class=\"elementor elementor-4079\" data-elementor-post-type=\"page\">\n\t\t\t\t<div class=\"elementor-element elementor-element-604deb6 e-flex e-con-boxed e-con e-parent\" data-id=\"604deb6\" data-element_type=\"container\" data-e-type=\"container\">\n\t\t\t\t\t<div class=\"e-con-inner\">\n\t\t\t\t\t<\/div>\n\t\t\t\t<\/div>\n\t\t<div class=\"elementor-element elementor-element-a2ddb5b e-flex e-con-boxed e-con e-parent\" data-id=\"a2ddb5b\" data-element_type=\"container\" data-e-type=\"container\">\n\t\t\t\t\t<div class=\"e-con-inner\">\n\t\t<div class=\"elementor-element elementor-element-de488ed e-con-full e-flex e-con e-child\" data-id=\"de488ed\" data-element_type=\"container\" data-e-type=\"container\">\n\t\t\t\t<\/div>\n\t\t<div class=\"elementor-element elementor-element-e99c8ad e-con-full e-flex e-con e-child\" data-id=\"e99c8ad\" data-element_type=\"container\" data-e-type=\"container\">\n\t\t\t\t<div class=\"elementor-element elementor-element-380cf04 elementor-widget elementor-widget-text-editor\" data-id=\"380cf04\" data-element_type=\"widget\" data-e-type=\"widget\" data-widget_type=\"text-editor.default\">\n\t\t\t\t\t\t\t\t\t<h3 style=\"text-align: center;\"><span style=\"color: #333333;\"><strong><p><\/p>\n<\/strong><p><strong><br><\/strong><\/p><p><strong>**T\u00e9rminos y condiciones para la prueba gratuita de IPTV**<\/strong><\/p><\/span><\/h3>\n<p><\/p>\n<h5 style=\"text-align: left;\"><span style=\"color: #333333;\">1. **Oferta de prueba gratuita**: Nuestro servicio de IPTV ofrece un per\u00edodo de prueba gratuito sin compromiso para que los usuarios puedan experimentar las caracter\u00edsticas y la calidad de nuestro servicio antes de decidir suscribirse.<\/span><\/h5>\n<h5>&nbsp;<\/h5>\n<h5 style=\"text-align: left;\"><span style=\"color: #333333;\">2. **Duraci\u00f3n**: La duraci\u00f3n del per\u00edodo de prueba gratuito es de 2 horas, durante las cuales los usuarios tendr\u00e1n acceso a nuestra gama completa de canales y funciones.<\/span><\/h5>\n<h5>&nbsp;<\/h5>\n<h5 style=\"text-align: left;\"><span style=\"color: #333333;\">3. **Registro**: No se requiere registro ni informaci\u00f3n de tarjeta de cr\u00e9dito para acceder a la prueba gratuita. Simplemente descargue nuestra aplicaci\u00f3n o acceda a nuestro servicio a trav\u00e9s de nuestro sitio web para comenzar la prueba.<\/span><\/h5>\n<h5>&nbsp;<\/h5>\n<h5 style=\"text-align: left;\"><span style=\"color: #333333;\">4. **Uso**: Durante el per\u00edodo de prueba gratuito, se anima a los usuarios a explorar las funciones y el contenido disponibles en nuestro servicio de IPTV. No obstante, se espera que los usuarios cumplan en todo momento con nuestros t\u00e9rminos de servicio y nuestra pol\u00edtica de uso aceptable.<\/span><\/h5>\n<h5>&nbsp;<\/h5>\n<h5 style=\"text-align: left;\"><span style=\"color: #333333;\">5. **Sin compromiso de suscripci\u00f3n**: La prueba gratuita es independiente de nuestro servicio de suscripci\u00f3n y no requiere que los usuarios se comprometan a una suscripci\u00f3n en ning\u00fan momento.<\/span><\/h5>\n<h5>&nbsp;<\/h5>\n<h5 style=\"text-align: left;\"><span style=\"color: #333333;\">6. **Sin reembolsos**: Dado que la prueba gratuita est\u00e1 dise\u00f1ada para permitir a los usuarios evaluar el servicio antes de realizar una compra, no ofrecemos reembolsos por las suscripciones compradas despu\u00e9s de que haya finalizado el per\u00edodo de prueba.<\/span><\/h5>\n<h5>&nbsp;<\/h5>\n<h5 style=\"text-align: left;\"><span style=\"color: #333333;\">7. **Cancelaci\u00f3n**: Los usuarios pueden cancelar la prueba gratuita en cualquier momento durante el per\u00edodo de prueba. Simplemente deje de acceder a nuestro servicio y no se requiere ninguna otra acci\u00f3n.<\/span><\/h5>\n<h5>&nbsp;<\/h5>\n<h5 style=\"text-align: left;\"><span style=\"color: #333333;\">8. **Continuaci\u00f3n del servicio**: Al finalizar el per\u00edodo de prueba gratuito, los usuarios tendr\u00e1n la opci\u00f3n de adquirir una suscripci\u00f3n para seguir utilizando nuestro servicio de IPTV. Si no se adquiere una suscripci\u00f3n, se cancelar\u00e1 el acceso al servicio.<\/span><\/h5>\n<h5>&nbsp;<\/h5>\n<h5 style=\"text-align: left;\"><span style=\"color: #333333;\">9. **Modificaciones de las condiciones**: Nos reservamos el derecho de modificar o cancelar la oferta de prueba gratuita en cualquier momento sin previo aviso. Cualquier modificaci\u00f3n de estas condiciones se comunicar\u00e1 a los usuarios a trav\u00e9s de nuestro sitio web.<\/span><\/h5>\n<h5>&nbsp;<\/h5>\n<h5 style=\"text-align: left;\"><span style=\"color: #333333;\">10. **Aceptaci\u00f3n**: Al acceder a la prueba gratuita, los usuarios aceptan cumplir con estos t\u00e9rminos y condiciones. El incumplimiento de estos t\u00e9rminos puede resultar en la cancelaci\u00f3n de la prueba gratuita o la suspensi\u00f3n del acceso a nuestro servicio de IPTV.<\/span><\/h5>\n<h5>&nbsp;<\/h5>\n<h5 style=\"text-align: left;\"><span style=\"color: #333333;\">11. **Cont\u00e1ctenos**: Si tiene alguna pregunta o inquietud sobre la oferta de prueba gratuita o nuestro servicio de IPTV, comun\u00edquese con nuestro equipo de atenci\u00f3n al cliente para obtener ayuda.<\/span><\/h5>\n<h5>&nbsp;<\/h5>\n<h5 style=\"text-align: left;\"><span style=\"color: #333333;\">Al acceder a la prueba gratuita, los usuarios reconocen que han le\u00eddo, comprendido y aceptado los t\u00e9rminos descritos anteriormente.<\/span><\/h5><div><br><br><\/div>\t\t\t\t\t\t\t\t<\/div>\n\t\t\t\t<\/div>\n\t\t<div class=\"elementor-element elementor-element-165aced e-con-full e-flex e-con e-child\" data-id=\"165aced\" data-element_type=\"container\" data-e-type=\"container\">\n\t\t\t\t<\/div>\n\t\t\t\t\t<\/div>\n\t\t\t\t<\/div>\n\t\t\t\t<\/div>","protected":false},"excerpt":{"rendered":"<p>**Terms and Conditions for IPTV Free Trial** 1. **Free Trial Offer**: Our IPTV service offers a no-obligation free trial period to allow users to experience the features and quality of our service before deciding to subscribe. &nbsp; 2. **Duration**: The&#8230;<\/p>","protected":false},"author":1,"featured_media":0,"parent":0,"menu_order":0,"comment_status":"closed","ping_status":"closed","template":"","meta":{"footnotes":""},"class_list":["post-4079","page","type-page","status-publish","hentry"],"_links":{"self":[{"href":"https:\/\/novaiptv.to\/esp\/wp-json\/wp\/v2\/pages\/4079","targetHints":{"allow":["GET"]}}],"collection":[{"href":"https:\/\/novaiptv.to\/esp\/wp-json\/wp\/v2\/pages"}],"about":[{"href":"https:\/\/novaiptv.to\/esp\/wp-json\/wp\/v2\/types\/page"}],"author":[{"embeddable":true,"href":"https:\/\/novaiptv.to\/esp\/wp-json\/wp\/v2\/users\/1"}],"replies":[{"embeddable":true,"href":"https:\/\/novaiptv.to\/esp\/wp-json\/wp\/v2\/comments?post=4079"}],"version-history":[{"count":0,"href":"https:\/\/novaiptv.to\/esp\/wp-json\/wp\/v2\/pages\/4079\/revisions"}],"wp:attachment":[{"href":"https:\/\/novaiptv.to\/esp\/wp-json\/wp\/v2\/media?parent=4079"}],"curies":[{"name":"wp","href":"https:\/\/api.w.org\/{rel}","templated":true}]}}